-9))*1. Let w be ((-1)/q)/((-7)/42). Suppose -4*i = -a - 7, -4*i + 6 + 4 = w*a. Calculate l(i).
1
Let n be ((-1)/2)/(1/(-2)). Let m(k) = -k + 734 - 362 - 373. Let i(l) = 2*l**2 + l. Let u(w) = 3*i(w) + m(w). Calculate u(n).
7
Let l(f) = f**2 + 9*f. Let k be ((-10)/7)/(11/(-154)). Suppose 2*z - 29 = 3*s - 2*z, 2*s + k = 3*z. What is l(s)?
-14
Let d(s) = -3991*s + s**2 + 9 - 3356*s**3 + 3981*s + 3355*s**3. Determine d(1).
-1
Let p be (2/(-3))/(464/(-4872)). Let m(o) = -o**3 + 6*o**2 + 6*o - 7. Determine m(p).
-14
Let g(i) = -2*i**2 + 4*i - 2. Let m(u) = -u**2 - 1. Let h(y) = -g(y) + 3*m(y). Let d(q) = q**2 + 10*q + 3. Let c be d(-9). Determine h(c).
-13
Let y(t) = t**3 + 4304*t + 4299*t - 8606*t. Suppose 5*q - 13 = 4*k, -3*k - 6*q = -2*q - 29. Give y(k).
18
Let w(v) be the second derivative of 5*v - 5/2*v**2 - 1/20*v**5 - 10 + 1/3*v**3 - 1/4*v**4. Give w(-4).
3
Let h(w) = 7*w**3 - 10*w**2 - 15*w + 7. Let p(k) = 45*k**3 - 59*k**2 - 92*k + 41. Let u(r) = -13*h(r) + 2*p(r). Determine u(12).
123
Suppose 2547*n - 2579*n = -64. Let j(r) = 2 - 8 + 49*r - 47*r. What is j(n)?
-2
Let h = 422 - 417. Let p be 4 + h + 4 + 3. Let q(c) = c - 1. Calculate q(p).
15
Suppose -3*w - t = 22, 2*t = 2*w - 6 + 10. Let k(f) = -2*f**3 - 12*f**2 + 2*f + 1. Calculate k(w).
-11
Let j = -1386 + 1393. Let c(y) = y**2 - 6*y - 9. Calculate c(j).
-2
Let p(l) = l**2 + 4*l - 1. Let h(q) = 2*q**2 + 8*q. Let b(s) = -3*h(s) + 5*p(s). Let x(d) = -2*d**2 - 16*d - 2. Let k be x(-8). Calculate b(k).
-1
Let h = -27 - -33. Suppose 3*r = 6*r - h. Let c(z) = 5*z + 18 + z**r + 3*z - 23. What is c(-8)?
-5
Let a(r) be the first derivative of -r**4/4 + 2*r**3 - 13*r**2/2 + 22*r - 2222. What is a(4)?
2
Let m(w) = 9*w**3 - 69*w**2 - 31*w + 100. Let s(p) = p**3 + p**2 - 4*p + 1. Let z(h) = -m(h) + 7*s(h). Give z(38).
21
Let h be -1*(-1)/(-3)*-3. Let u(r) = r - 2*r - 5*r**2 - r**3 - 3*r + h. Suppose x + 213*b = 208*b + 17, -10*b + 40 = 0. What is u(x)?
-5
Let b(x) = 15*x**2 + 22*x + 12. Let d(s) = 7*s**2 + 11*s + 5. Let g = -833 - -839. Let p(u) = g*b(u) - 13*d(u). What is p(-9)?
25
Let n(r) = -5*r + 75. Suppose 200*f - 3319 = 54*f - 983. Determine n(f).
-5
Let j(v) be the second derivative of v**3/3 - v**2 - 3*v. Let c = 30116 - 30118. Calculate j(c).
-6
Let q(v) be the third derivative of 61*v**5/60 - v**4/12 - v**3/6 + 12045*v**2. Give q(1).
58
Let b(t) = t + 16. Suppose 24*u + 720 = 30*u. Suppose 0 = 82*r - 81*r - u. Suppose r = -26*v + 11*v. What is b(v)?
8
Let c(g) = 5*g - 5*g + 62 - 8 - g - 39. Give c(4).
11
Let j(l) = -25*l - 18. Let b(x) = 9*x + 7. Let z(c) = 8*b(c) + 3*j(c). Suppose -5*u = 15, 3*t - 24 = -0*u + 5*u. Calculate z(t).
-7
Let v(z) = 54*z + 42. Let j(s) = -2*s**3 - 5*s**2 + 5*s + 13. Let o be j(-2). What is v(o)?
-12
Let o(r) = -20*r**2 + r - 1. Suppose 0 = -3*j + h - 3, -7 = -2*h + 5. Determine o(j).
-20
Let l(f) = 4*f**2 - 14*f + 33. Let c be (((-40)/3)/5)/(156/(-117)). Determine l(c).
21
Suppose 0 = 3*x - 2*v - 15 - 12, -2*x - 2*v + 8 = 0. Let f(k) = -4*k + 20. Determine f(x).
-8
Let x be (13 - 21)/(-1 - -2 - 2). Let i(t) = -t**2 + 12*t - 35. Calculate i(x).
-3
Let c(m) = m**3 + 15*m**2 - 47*m - 509. Let w be c(-16). Let b(y) = 17*y + 213. Calculate b(w).
-8
Let y(n) = -2*n**2 - 20*n - 52. Let i = 263 + -267. Calculate y(i).
-4
Let m(r) be the first derivative of -r**4/2 - 67*r**3/3 - 16*r**2 + 3692. Calculate m(-33).
-33
Let n(t) = -t**3 + 16*t**2 + 18*t - 18. Let y = -280 - -326. Let v = y + -29. Determine n(v).
-1
Suppose 30*y = -0*y + 60. Let b(u) = 195 - 351 + 174 + y*u. What is b(-11)?
-4
Suppose 40 = 3*u - 2*m, -u + m + 2*m + 18 = 0. Let k(d) = d - 3. Let z be k(u). Let j(f) = -5*f**2 + 11 + f - f**3 - z + 0. Calculate j(-5).
-3
Let i(l) = 2*l**3 - 25*l**2 + 15*l - 23. Let u(s) = -s**3 + 13*s**2 - 6*s + 11. Let d(z) = 2*i(z) + 5*u(z). What is d(15)?
9
Suppose -82*k = -73*k + 9. Let t(i) = -2*i - 1. Determine t(k).
1
Let o(w) be the third derivative of -w**5/30 + 5*w**4/24 + 5*w**3/6 + 360*w**2. Calculate o(6).
-37
Let k be 71/(-142) + 62/4. Let t = k - 7. Let w(d) = d**2 - 7*d + 10. Give w(t).
18
Let q(b) = b + 2. Let k be (-7)/21*(-6)/(-2)*1. Let y be ((-6)/(-4))/((-9)/(k - 17)). Give q(y).
5
Suppose 315 = -67*x - 38*x. Let r(d) = d**3 - d**2 - 8*d + 4. Determine r(x).
-8
Let r(f) = f**2 + 30*f - 244. Let a be r(-37). Let w(u) = u**2 - 22*u + 27. Give w(a).
-78
Suppose -13*o + 6*o = -35. Suppose -o*b + 9*b - 40 = 0. Let c(j) = 4 + 12*j - b*j - 3. What is c(-3)?
-5
Let x(c) = -2*c**2 + 13*c. Let g be (3 - 7)*(231/(-14))/11. Calculate x(g).
6
Let r(u) = u**3 + 6*u**2 + u + 48. Let t be (-15)/((-75)/(-10)) + -5. What is r(t)?
-8
Let o be 0*(-3)/((-6)/(-2)). Let s(p) be the first derivative of p**3/3 - p**2/2 + 2*p + 253. Calculate s(o).
2
Suppose -2193*s + 2135*s = 357 + 165. Let c(p) = -p**3 - 8*p**2 + 14*p + 33. Calculate c(s).
-12
Let w(x) = 5*x**2 - 3*x + 1. Suppose 5*l = -0*l - 5. Let s be l*(4 + -3) + -2 + 5. Determine w(s).
15
Let z(f) be the second derivative of 147*f + 0*f**2 + 0 - 5/6*f**3. Calculate z(-4).
20
Let m(n) be the second derivative of n**3/6 + 2*n**2 + 820*n. What is m(-21)?
-17
Let i(a) = 11*a - 23. Let q(l) = -3*l + 2. Let t(b) = -i(b) - 4*q(b). Suppose j + 3*p - 9 = 0, 0*j + 5*p = -3*j + 23. Let g be (j/4)/(3/(-18)). Determine t(g).
6
Let c(t) be the third derivative of t**4/6 - 7*t**3/2 + 213*t**2 + 2. Give c(10).
19
Let c(d) be the second derivative of -d**3/3 + 39*d**2/2 - 8*d. Suppose -16*u - 52 + 381 + 7 = 0. Calculate c(u).
-3
Suppose 1244*a = 1241*a + 4*d - 15, 4*a - d = -20. Let k(w) = 64*w + 317. What is k(a)?
-3
Let u(j) = 2*j**3 + j**2 + j - 18. Let s be u(0). Let k be s/(-27) - 16/(-3). Let m(p) = -k - 15 + 20 + p. Give m(5).
4
Let x(j) = -4*j - 3. Let m(f) = -8*f - 7. Let l(h) = 2*m(h) - 5*x(h). Suppose -3*s - 195*t = -191*t - 19, 2*t + 13 = 3*s. What is l(s)?
21
Let z be (-37)/5 - 2/(-5). Let t(j) = -14*j + 3 - 15*j + 1 + 1 + 31*j. What is t(z)?
-9
Let q(k) = 21*k + 192. Let f be q(-9). Let i(z) be the second derivative of -z**4/12 - z**3/2 + 9*z**2/2 + 311*z + 2. What is i(f)?
-9
Let l(i) be the second derivative of -11 - 1/6*i**3 + 3*i**2 + 2*i. Suppose -s - 12 = -5*s. Give l(s).
3
Let w = 142 + -139. Suppose 0 = 2*i + i + 3*k + 3, -w*i = 5*k + 11. Let g(x) = 2*x. Give g(i).
6
Suppose 2*n = -4*i - 312, -4*i + 2*n - 5*n = 310. Let t = 81 + i. Suppose 5*q = 4*f + 10, t*f = 5*f - 3*q + 9. Let j(k) = k**2 + 5*k + 2. Determine j(f).
2
Let t(i) = i - 756*i**2 - 761*i**2 + 1 + 11 + 1 + 1518*i**2. Determine t(-6).
43
Suppose -25*y + 3*n = -20*y - 34, -3*y - 5*n + 34 = 0. Let b(m) = 447 - 3*m - 2*m**2 + m**2 - 447 - y*m. What is b(-9)?
18
Let n(a) = a**2 - 9*a - 2. Suppose 0*b + 494 = 4*b + 2*y, 2*y = -b + 116. Suppose 122*t = b*t - 40. Determine n(t).
8
Let f(z) = -z**3 + 12*z**2 - 3*z + 46. Let a = -2626 + 2638. Give f(a).
10
Suppose -1 = -5*c + 4*c. Let x be (2 - -3*1)*32/80. Let l(m) = -122*m + 3 + 0 + 110*m - x. Give l(c).
-11
Let n = 38 - 32. Let l be 61 - 8/(-4)*(-3)/n. Let r = l + -58. Let g(j) = -2*j**3 + 3*j**2 - 3*j + 1. Give g(r).
-9
Let f(b) be the first derivative of 1/3*b**3 - 4*b**2 + 6*b - 98. What is f(5)?
-9
Suppose 3*c + 1 = -5*s, 5*s = -5*c + 268 - 273. Let x(d) = 14*d**2 - 6*d - 9. What is x(c)?
59
Let i(o) be the second derivative of o**5/20 - 11*o**4/4 - 23*o**3/2 - 29*o**2/2 - o + 111. Calculate i(35).
6
Let d(l) = -l**2 + 18*l + 410. Let w be d(-13). Let r(n) = 3*n - 21. Let y(j) = -3*j + 20. Let c(i) = -3*r(i) - 4*y(i). What is c(w)?
4
Let k(s) = -s**3 - s**2 + 25*s - 19. Let r be k(-6). Suppose r*l = -1 + 45. Let m(z) = -z**3 + 4*z**2 - 3*z + 3. What is m(l)?
-9
Let o(u) = -2*u + 1. Let j(b) = -7*b**2 + 12*b - 5. Let p(k) = j(k) + 5*o(k). Let g(d) = -5*d**2 + 2*d. Let z(f) = 4*g(f) - 3*p(f). Give z(-6).
24
Suppose 60*p = -301 - 299. Let d(x) = 2*x + 16. Let o(v) = -4*v - 33. Let q(w) = 7*d(w) + 3*o(w). Determine q(p).
-7
Let j(g) = 2*g**3 + 3*g**2 + 2*g + 1. Let n(s) = 14*s + 82. Suppose 29*d - 24*d = -5, 2*d = -4*c - 26. Let y be n(c). Calculate j(y).
-7
Suppose -5*c = -a - 220, 3*a + 0*a + 15 = 0. Let q(b) = -c*b + 44*b - 46*b**2 + 49*b**2. Calculate q(-2).
10
Let y = -9785 + 29356/3. Let o(r) be the first derivative of y*r**3 + 7/2*r**2 + 3*r - 2. Give o(-5).
-7
Suppose 0 = 4*q + 5*t - 45, -48 = -2*q - 